 + 38*w**2 + 4*w - 32. What is the thousands digit of m(24)?
8
Let m = -4187 - -6977. What is the thousands digit of m?
2
Let f be (18/15)/((-12)/(-40)) - 2. Suppose 4*x - 3*j = x + 912, 606 = f*x - 4*j. What is the units digit of x?
5
Suppose 7*i = 6890 - 1738. What is the tens digit of i/22 + (-138)/(-253)?
3
Suppose 51*z = 36*z + 60. Let q(o) = 45*o + 18. What is the tens digit of q(z)?
9
Suppose -11*w + 826 = 67. Let c = 34 + w. What is the units digit of c?
3
Let s(m) = 4*m**2 - 9*m + 3. Suppose -6*g + 4*g = -6, -364 = -5*v - 3*g. Let d = v - 65. What is the tens digit of s(d)?
9
Let v(a) = -4*a + 8 + 7*a - 15*a - 9*a. Let z be v(-8). Suppose -4*i + 32 + z = 0. What is the tens digit of i?
5
Let k(a) = -a**3 - 12*a**2 + 111*a + 135. What is the tens digit of k(-18)?
8
Suppose 35 = 2*c + 5*j, -4*j = -4*c + j - 5. Suppose 0*v = -2*v - 5*o + 283, -293 = -2*v + c*o. What is the hundreds digit of v?
1
Let s(h) = -1074*h - 981. What is the ten thousands digit of s(-14)?
1
Let z = -139 - -247. Let c = 185 - z. What is the tens digit of c?
7
Let j be 1 + (-32)/40 + (-1)/5. Suppose 4*c + 247 = g, -c = -2*g - j*c + 480. What is the tens digit of g?
3
What is the thousands digit of 271790/11 - ((-9)/(-110) - 91/(-910))?
4
Suppose -37*h + 659263 = 55*h - 19*h. What is the tens digit of h?
3
Let y(v) = -245*v - 451. Let q(l) = -164*l - 301. Let w(x) = 7*q(x) - 5*y(x). What is the hundreds digit of w(22)?
8
Let n = 786 - 784. Let g be (-1 - -2)/(2/6). What is the tens digit of 0/g - n - -77?
7
What is the ten thousands digit of 391/(-92)*((10 - 19) + -5603)?
2
Let w(c) = 24*c**2 + 4*c + c + c**3 - 7 - 17*c**2. Let o be w(-6). What is the tens digit of 1*3 + (215 - o/1)?
1
Let f(r) = -r**2 - 30*r - 11. Let h = -315 + 292. What is the units digit of f(h)?
0
Let m(d) = -3*d - 23. Let i be m(-18). Suppose 32*p = i*p - 68. What is the tens digit of (0 - p) + (5 - 3)?
7
Let r be ((-588)/8)/(-7) - (-6)/(-12). Let u(v) = -v**3 + 19*v**2 + v - 12. What is the tens digit of u(r)?
9
Let m = 40 - 35. Suppose 3*l = -m*l - 2304. Let w = -200 - l. What is the units digit of w?
8
What is the thousands digit of 5*8/20 + 7 - -27035?
7
What is the units digit of 710/6*14910/1775?
4
Let q(d) = d**3 + 5*d**2 + 3. Let w be q(-5). Suppose 421 = w*g - 53. What is the units digit of g/22 + 3/66*-4?
7
Suppose -p = f - 47, 3*p = 5*f + 105 - 4. Let h = p + 83. What is the tens digit of h?
2
Let u(k) = k**3 - 4*k**2 + 9*k - 27. Let a be u(4). Suppose -4*h + 4*x = -a*h + 5275, 4241 = 4*h - x. What is the tens digit of h?
5
Suppose 4*b = 3*r + 2, 0 = 2*r - 3*r + 4*b - 6. Let c = r + 1. Suppose 5*t + c*v = 336, -5*t - 7*v = -2*v - 340. What is the tens digit of t?
6
Suppose 9991 = -5*m - 2*g + 69110, 0 = 2*m - 3*g - 23640. What is the ten thousands digit of m?
1
Let s(i) = -i**3 - 17*i**2 - 6*i + 18. Suppose 0 = -w + 5*t - 8 - 12, 4*t = 5*w + 100. What is the units digit of s(w)?
8
Suppose -10*q = -7692 + 1172. What is the units digit of (7 - 5) + q*1?
4
Suppose 77*h - 75*h - 1048 = 3*o, 5*h - 4*o = 2648. What is the tens digit of h?
3
Let v(n) be the third derivative of n**6/120 + 11*n**5/60 - 19*n**4/24 - 4*n**3/3 + 228*n**2. Let x be 94/(-8) - (-4)/(-16). What is the tens digit of v(x)?
7
Let q(t) = t**3 - 16*t**2 - 2*t + 34. Let k be q(16). Suppose p - 4*i = 458, k*i + 508 = 3*p - 916. What is the hundreds digit of p?
4
Let j be ((-48)/80)/((-2)/10). Suppose 0 = -2*t + 3 + j, -306 = -2*u - 4*t. What is the tens digit of u?
4
Let l(k) = -646*k + 3887. What is the ten thousands digit of l(-19)?
1
What is the thousands digit of ((249 - 33) + -3)*(0 + 15)?
3
Let q be (4/(-12)*-1)/((-2)/18). What is the tens digit of 5 + 466/1 - q?
7
Suppose 4*w + 2*j = 134, w - 31 = j - 4*j. Suppose 39*v - 1265 = w*v. What is the hundreds digit of v?
2
Let y(r) = 3*r**2 + 5*r + 5. Let c be y(-1). What is the units digit of c/8 - 5/24*-6483?
1
Let q(w) be the first derivative of -2*w**2 + 113*w - 36. What is the hundreds digit of q(-32)?
2
Suppose -6 = -3*i + 6. Let s be (-14310)/55 + 3*i/66. Let o = -113 - s. What is the tens digit of o?
4
What is the thousands digit of 10119/(-9)*(-5 - 22)?
0
Suppose u = -4*u + 140. Suppose 32200 = -3*b + u*b. What is the tens digit of b?
8
Let f(t) = 5*t**3 + t**2 + 8439. What is the tens digit of f(0)?
3
Let m be (1 - -2) + 7 + 1830. Suppose -875 + 2334 = -4*z - t, -5*z - m = -2*t. What is the hundreds digit of 40/30*z/(-4)?
1
Let i = -114243 + 169582. What is the tens digit of i?
3
What is the tens digit of 7622 - (-3 + 0/(-9) - 2)?
2
Let p = 23977 + 33127. What is the tens digit of p?
0
Suppose -q = -17233 - 7864. What is the ten thousands digit of q?
2
What is the units digit of -4 - (2 - 2499) - (27 + -30)?
6
Let h(q) = 712*q**2 - 225*q + 2287. What is the tens digit of h(10)?
3
Let u = -348 - -344. What is the units digit of (-8*(-106)/u)/(6/(-15))?
0
Let p(d) = d**3 - 2*d**2 - 23*d + 5294. What is the tens digit of p(0)?
9
Let l(n) = 17*n + 586. What is the units digit of l(-20)?
6
Let s(b) = -55*b + 112. Let l(v) = -54*v + 113. Let z(r) = 2*l(r) - 3*s(r). What is the units digit of z(7)?
9
Suppose -4*w - d - 277 = 0, -3*w + 0*d + 3*d = 189. Let i be 15*(3 + w/(-20)). Suppose 0 = 3*g + g - i. What is the units digit of g?
4
Let s = 62 + 19. Let x = s - 78. Suppose -4*l + 5*y = -609, 4*y + 456 = x*l - 0*y. What is the tens digit of l?
5
Let o be ((0 - -4) + -6)*-7. Let y(d) = -d**3 + 15*d**2 + 2*d + 4. What is the units digit of y(o)?
8
Suppose 8*f + 3*f - 12*f = 0. Suppose f = -5*o + m + 3*m + 45, 3*o = 5*m + 14. Suppose -5*w - i = -392, -4*w - o + 315 = -5*i. What is the tens digit of w?
7
Let n = 287 + 627. Suppose -5*u - 254 + n = -5*p, 0 = -u - p + 138. What is the tens digit of u?
3
Suppose 0 = -5*k - 4*b + 526, -3*k - 2*k = 5*b - 525. Let z = 230 - k. Suppose 5*y - y + 4*r - z = 0, 169 = 4*y - 5*r. What is the tens digit of y?
3
Suppose -15 = -3*k - 2*k. Suppose -2*f = 4*s - 296, k*s - 355 = -5*f + 385. What is the tens digit of f?
4
Let c(r) = 62*r**3 - 4 - 4*r + 4 - 63*r**3 - 5*r**2. Let g be c(-4). Suppose -w + 5*w - 176 = g. What is the tens digit of w?
4
Let l(c) = c**2 + 17*c + 74. Let i be l(-10). Suppose -i*w = -4*u + 1996, -3*w = 9*u - 8*u - 495. What is the hundreds digit of u?
4
Let l(c) = 2*c**2 + 17*c + 11. Let h(s) = -6 - 5*s - 3*s**2 + 3 + 21*s + 4. Let y be h(6). What is the tens digit of l(y)?
6
Let s = 7 + -40. Let b = 52 - s. Suppose -b - 151 = -2*o. What is the tens digit of o?
1
Let f(g) = -g**3 + 20*g**2 + 22*g - 19. Let k(x) = x**2 - 3*x + 21. Let a be k(0). Let v be f(a). Suppose -13*s = -v*s - 2497. What is the tens digit of s?
2
Let m = -1847 + 505. Let y = 1964 + m. What is the hundreds digit of y?
6
Let a be (-20)/((-3 - -13)/(-5)). Suppose -a*t - 443 + 2353 = 0. Suppose 5*g - 429 - t = 0. What is the units digit of g?
4
Suppose -6244 = -5*z - 5*n + 31146, 4*z + n = 29900. What is the thousands digit of z?
7
Let o = -884 + 7128. What is the tens digit of o?
4
What is the units digit of (-56)/20*((-3080 - 9) + -6)?
6
Let s = 181950 + -112882. What is the ten thousands digit of s?
6
Let f be (-32)/(-2) + 20/(-5). What is the tens digit of (2 + f/(-9))*(432 + -3)?
8
Let l = -26 - 13. Let u = 86 + l. Suppose -2*w = -4*r + 188, -5*w + 0*w + u = r. What is the units digit of r?
7
Let r = -86 + -21. Let n = -68 - r. What is the units digit of n?
9
Let f(b) = 7*b**3 + 11 - 15 - 8*b**2 + 2 - 17*b. What is the hundreds digit of f(6)?
1
Let r be ((-26)/4 + 5)/(-1*36/(-96)). Let x(t) = t**3 + 7*t**2 + 4*t - 8. Let y be x(-6). What is the tens digit of 4 + ((-193)/y)/(1/r)?
9
Let t = -45 - -172. Let a = 107 - -144. Let v = a - t. What is the hundreds digit of v?
1
Suppose -3*x + 21 - 6 = 0. Let v be (-18)/45 - (-12)/x. What is the units digit of (42/12)/(1/v)?
7
Let x(a) = -3*a**3 - 3*a**2 - 7. Let k be x(-3). Let u = k + -43. What is the hundreds digit of 14/u - 4 - 534/(-4)?
1
Suppose 15*z + 66 = 21*z. Suppose z = -4*l + 11. What is the units digit of 1 - 71*(1 - l - 2)?
2
Let n(p) = 15*p. Let f be n(-2). Let o(b) = -6*b**2 + 19*b - 12. Let x be o(5). Let j = f - x. What is the tens digit of j?
3
Suppose 3*d - 32 = p, 0*d = 5*d + 3*p - 44. Let i(t) = -3*t - 226. Let a(q) = -2*q - 285. Let s(k) = 3*a(k) - 4*i(k). What is the hundre